ue
Let i = -630 + 622. Is 127/((-3)/(-222)*(-6 - i)) prime?
False
Is 2*9413*(56/(-140) + 357/30) composite?
True
Suppose -3 - 75 = -2*q. Suppose -36*r - 18417 = -q*r. Is r a prime number?
False
Let x be 0 - (1 + 2) - (-1 - 0). Let n be 34/9 + x - (-12)/54. Suppose -n*k = -650 + 36. Is k prime?
True
Suppose -1669*p - 27791727 = -1704*p + 26944528. Is p a prime number?
True
Suppose 135121 = t + 39*u - 34*u, 0 = -3*t + 2*u + 405295. Is t a prime number?
True
Let z = -23 - -25. Suppose -z*n = -4*o - 8, -2*n = 5*o + 3 + 25. Is (o + 12/6)*1405/(-2) a prime number?
False
Let z(y) = -6*y**3 - 39*y**2 + 7*y + 87. Is z(-38) composite?
False
Let l(u) = 2*u**2 + 25*u - 13. Let j be (-212)/16 + 4/16. Let h be l(j). Suppose -2*k - o = -386, o = -5*k - h*k + 968. Is k a composite number?
True
Suppose 11*f - b = 8*f + 113, -5*f + 165 = 3*b. Is (-142314)/(-4)*24/f composite?
False
Is (-5 - (-9)/(-9)) + 51457 a prime number?
False
Suppose 7 + 8 = 3*w. Let s(m) = -8*m + 43. Let o be s(w). Suppose 0 = o*d - 9*d + 372. Is d a prime number?
False
Let i(f) = -f - 5. Let x be i(-6). Let u be (0 - x)/(70/(-15) - -5). Is ((-2)/u)/((-120468)/(-30114) + -4) a prime number?
False
Let m be 4 + (-32)/(-24)*(-93)/2. Let s = 55 + m. Is -3*(s*4 + 1) + -2 a prime number?
True
Suppose 70 = 5*b + 40. Is b*(-17059)/(-168)*4 a prime number?
True
Let w(f) = 36*f**3 - f - f**2 + 1082 - 3*f**2 - 1078. Is w(7) prime?
True
Let c = 9 + -9. Let g be 4/((1 - c) + (-10)/30). Suppose -602 = -g*p + 184. Is p a prime number?
True
Let i(x) = 3*x**2 + 2*x + 7913. Suppose 22*o = 17*o. Is i(o) a prime number?
False
Suppose 132598692 + 93446526 - 68783546 = 184*j. Is j composite?
False
Let t be ((-5)/(-10) + 0)/(2/7092). Suppose 0 = -4*c + 3*w + 2989, -5*c = 2*w - t - 1969. Suppose -5*i = 5*u - 3973 + c, -3*i = 6. Is u a prime number?
True
Let k(l) = -144*l**3 - 3*l**2 - 22*l - 78. Is k(-5) composite?
False
Let u = 195 - 193. Suppose 0 = -u*t - 8*s + 5*s + 4346, -4*t + 4*s + 8692 = 0. Is t prime?
False
Let a be -11053 - ((2 - 1) + -5). Let v = a - -17390. Is v composite?
True
Let g be ((-16)/(-6) + -3)*-51. Suppose g*s - 20*s = -35877. Is s prime?
True
Let h(y) = 2*y - 1216. Let c be h(0). Let b = c - 1482. Let k = b + 3929. Is k prime?
True
Let g(l) = 36*l - 19. Suppose 5*n = 5*t + 25, -5*n - 2*t = t - 41. Is g(n) prime?
True
Let l be (1 - 0)*546/(-21). Is 13/l*(-39598)/1 a composite number?
True
Suppose 0 = -4*z - 2*x + 18 - 4, -3*x = 2*z - 1. Suppose 0*g = g - 1, -z*n = g - 11016. Is n composite?
False
Suppose l + 3*u = 1302, -l + 3*u + 1304 = 7*u. Let v = l - 619. Is v composite?
False
Let j = -275 + 5776. Is j composite?
False
Suppose -3*y - x = -5, x + 11 = -73*y + 78*y. Let d(i) = -967*i. Let m be d(-1). Suppose y*v + m = 2465. Is v prime?
False
Suppose -42*t = 138621 - 515907. Is t a prime number?
False
Let m be ((-3)/(-6) - (-7)/(-14)) + 4. Suppose 9*d - v - 23775 = 7*d, -m*v = 2*d - 23750. Is d prime?
False
Suppose 13358*t - 261670 = 13348*t. Is t composite?
True
Let b be 1368/138 - (-6)/69. Is b*7/14 - -3366 composite?
False
Let c be 6 - 75/12 - (-9749)/4. Let q be (12/4)/3*c. Suppose 5*j = -4*f + 4829, f - q = -f + 5*j. Is f composite?
True
Let n = 455449 + -289523. Is n composite?
True
Let b = -75 + -60. Let k be 3/(54/(-4)) - 705/b. Is (-1)/(k/(-2745)) - 4 a prime number?
False
Let x = -82 + 85. Suppose -735 - 3948 = -x*b. Is b a composite number?
True
Suppose 0 = 2*t - 4*n - 16, -3*t - 10 = -8*t + 4*n. Let q be 3 + (-12)/(-6)*11/t. Is (-222)/(-4)*q/(-6) a prime number?
False
Let z(k) = -28*k**2 + 7*k - 30. Let g(p) = -p**2 - p - 1. Let i(s) = -3*g(s) - z(s). Is i(8) a prime number?
False
Let o = -4258 - -2496. Let h = -1023 - o. Is h composite?
False
Suppose 0 = -5*j + 6051 + 5704. Let c be (-13 + 5)*(-3324)/(-16). Let a = c + j. Is a a prime number?
False
Let h = -192 - -189. Is ((-63)/42)/(h/1970) composite?
True
Let m be (-6 - (4 - 13))/(3/4). Is m + 33021/21 + 4/7 a composite number?
True
Suppose 0 = -5*i - 4*g - 248 - 40, 2*i + 3*g + 111 = 0. Let w be (-16*6/i)/((-1)/(-5)). Is 1*(0 + 4/w)*1324 a prime number?
False
Suppose -3*g + 126 = 144. Let t(j) = 193*j + 1. Let u be t(-1). Is u/(-14) + g/(-21) prime?
False
Let h = -56 - 24. Let u be (-20)/(-6)*(-96)/h. Suppose -4*z - 2 = -5*z, -u*z = -4*f + 308. Is f a prime number?
True
Let r be -2094*(2 - 0)*6/(-24). Is r/2*52/6 composite?
True
Let n(d) = 373*d**2 - 12*d - 14. Let u be (-4)/(-8)*(-84)/6. Is n(u) a composite number?
True
Let f = 47 - 43. Is 7 - -4716 - f/2 a composite number?
False
Let c(o) = 7*o**3 + 30*o**2 - 49*o + 1. Let t(n) = 13*n**3 + 61*n**2 - 99*n + 2. Let b(h) = -11*c(h) + 6*t(h). Is b(-37) a composite number?
True
Let u(n) = 19*n**3 - 4*n - 10. Suppose -11*y - 25 = -16*y. Let a be u(y). Suppose 0 = 10*v - 3*v - a. Is v a composite number?
True
Let j = -320 + 324. Is 20510 - (24/j - 3) prime?
True
Let t = 668442 - 279891. Is t composite?
True
Suppose -r + r = 4*r. Suppose r = -8*t + 17*t - 1827. Is t a prime number?
False
Suppose 9420 = 13*w - 19*w. Let y = 937 + w. Let c = y - -2284. Is c a prime number?
False
Suppose 12 + 13 = 5*g, g + 2341 = 2*k. Suppose 0 = -4*h + 5*v + 9336, k = 5*h - v - 10476. Is h a prime number?
False
Let a be 15*(-4 + (-96)/(-20)). Suppose -4*g = v - 10317, 9*g = 6*g + a. Is v prime?
True
Let v be (-2)/2*(1 + -3). Suppose 4*m + 3*b - 13 = 0, -9 = -3*m + 4*b + 7. Suppose -3*r + 2*r + v*g + 1109 = 0, -4*r + 4484 = m*g. Is r a composite number?
False
Suppose -13*k + 161571 + 388407 = 0. Let v = k + -14695. Is v a composite number?
False
Let o be 3/(-9)*-6 + 5. Suppose -6*j + o*j = 5*k - 31, 2*k - j - 10 = 0. Suppose -2*u - k*c = -6*c - 1483, 4*u + 5*c - 2957 = 0. Is u prime?
True
Let l(m) = m**3 + 95*m**2 + 108*m - 23. Is l(-64) composite?
False
Let b(y) = -3*y**3 - y**2 + 12*y + 10. Let l be b(-12). Suppose -2*v + l = 5*x, -2*v - 4*x - 12298 = -7*v. Is v prime?
False
Suppose -h = d - 25380, 201*d - 205*d + h + 101555 = 0. Is d composite?
True
Let p be 26 + -4*15/20. Let w(a) = 13*a + 114. Is w(p) a composite number?
True
Let k(b) = 233*b - 13. Let p(t) = t**3 + 12*t**2 - 2*t + 4. Let n be p(-12). Is k(n) composite?
True
Let w(i) = -153*i - 55. Let f be w(-7). Let v be (-18)/42 - 9752/14. Let t = f + v. Is t a composite number?
True
Let m = -306122 - -457459. Is m a composite number?
False
Let v(z) = z**3 - 13*z**2 - 4*z + 31. Let c(m) = -15*m - 2. Let s be c(-1). Let y be v(s). Is 329*((-6)/y - 10/(-14)) composite?
True
Suppose 2*s = -4*v + 2214914, 4*s = -8*v + 2*v + 4429838. Is s prime?
True
Suppose 575*z - 580*z = -4*j - 5436551, -3*z + 3261929 = -2*j. Is z a prime number?
False
Let m(p) = -2*p - 28. Let b be m(-19). Suppose 0 = -8*q + 6*q + 6014. Suppose -5*s - 2238 = -3*n - b*s, -4*n + s + q = 0. Is n a composite number?
False
Suppose -10*c = -8*c + 2212. Let m = c - -1891. Is m composite?
True
Suppose -k = 4*r + 2440 - 22072, 3*k = -4*r + 19640. Let h = 28574 + r. Is h composite?
True
Suppose -2*y + 354*w - 359*w + 713376 = 0, -1783459 = -5*y - 3*w. Is y a composite number?
False
Suppose 2*j = -0 - 8. Let u(l) = 2*l - 70. Let q be u(32). Is (-1688)/(-6)*q/j a composite number?
True
Let y(b) = -10*b + 523. Let t be y(42). Let a(p) = -p**2 + 5*p + 2. Let r be a(5). Suppose r*q - 749 = -t. Is q a composite number?
True
Suppose -35 = -21*n + 70. Let s be 6/(-4) - (-61102)/4. Suppose -n*l = 4*h - s, 0*h = -3*h - 3*l + 11457. Is h a composite number?
False
Let q be (-2)/(-3) - 77300/(-60) - 1. Suppose -119*v = -127*v + q. Is v a composite number?
True
Let c(t) be the third derivative of -t**7/280 + t**5/40 + 7*t**4/24 + 13*t**3/6 + 8*t**2. Let v(g) be the first derivative of c(g). Is v(-4) prime?
False
Let c(o) = 36*o**2 + 79*o - 67. Is c(12) a prime number?
False
Suppose -3*w + 845334 = 10*z - 6*z, 0 = 4*w + z - 1127125. Is w a prime number?
False
Suppose 0 = 2*c - c - 3. Let y = c - 3. Suppose 7*i - 4*i + 5*z - 2534 = y, 2*z - 4255 = -5*i. Is i prime?
True
Let t be 3354/65*5*2018/4. Suppose -5*o - 13556 = -t. Is o composite?
False
Let y(o) be the third derivative of 221*o**5/120 + 23*o**4/12 - 3*o**3 - 3*o**2. Let f(q) be the first derivative of y(q). Is f(5) prime?
True
Suppose -68*c + 4 = -66*c. Suppose 13*q - c*q = 13673. Suppose 5*p + 5*a = 3988 - 868, -2*p = 3*a - q. Is p a pr